{"id":34,"date":"2022-03-29T14:15:05","date_gmt":"2022-03-29T14:15:05","guid":{"rendered":"http:\/\/35.237.3.110\/wordpress\/?page_id=34"},"modified":"2025-08-31T14:54:07","modified_gmt":"2025-08-31T14:54:07","slug":"kdo-jsem-ja","status":"publish","type":"page","link":"https:\/\/www.komunikaciksobebliz.cz\/?page_id=34","title":{"rendered":"O MN\u011a"},"content":{"rendered":"\n<div class=\"wp-block-columns is-layout-flex wp-container-core-columns-is-layout-9d6595d7 wp-block-columns-is-layout-flex\">\n<div class=\"wp-block-column is-layout-flow wp-block-column-is-layout-flow\" style=\"flex-basis:20%\"><\/div>\n\n\n\n<div class=\"wp-block-column is-layout-flow wp-block-column-is-layout-flow\" style=\"flex-basis:100%\">\n<p class=\"has-text-align-center has-text-color has-background\" style=\"color:#620101;background:radial-gradient(rgb(248,241,224) 0%,rgb(236,220,191) 54%,rgb(222,196,162) 100%);font-size:22px\"><strong>O MN\u011a<\/strong><\/p>\n<\/div>\n\n\n\n<div class=\"wp-block-column is-layout-flow wp-block-column-is-layout-flow\" style=\"flex-basis:20%\"><\/div>\n<\/div>\n\n\n\n<div class=\"wp-block-columns is-layout-flex wp-container-core-columns-is-layout-9d6595d7 wp-block-columns-is-layout-flex\">\n<div class=\"wp-block-column is-vertically-aligned-top is-layout-flow wp-block-column-is-layout-flow\" style=\"flex-basis:100%\">\n<div class=\"wp-block-group\"><div class=\"wp-block-group__inner-container is-layout-flow wp-block-group-is-layout-flow\">\n<div class=\"wp-block-columns is-layout-flex wp-container-core-columns-is-layout-9d6595d7 wp-block-columns-is-layout-flex\">\n<div class=\"wp-block-column is-layout-flow wp-block-column-is-layout-flow\" style=\"flex-basis:100%\">\n<div class=\"wp-block-columns is-layout-flex wp-container-core-columns-is-layout-9d6595d7 wp-block-columns-is-layout-flex\" style=\"font-size:18px\">\n<div class=\"wp-block-column is-vertically-aligned-top is-layout-flow wp-block-column-is-layout-flow\" style=\"flex-basis:100%\">\n<div class=\"wp-block-columns alignwide is-layout-flex wp-container-core-columns-is-layout-9d6595d7 wp-block-columns-is-layout-flex\">\n<div class=\"wp-block-column is-layout-flow wp-block-column-is-layout-flow\" style=\"flex-basis:55%\"><div class=\"wp-block-image is-style-rounded\">\n<figure class=\"alignright size-full\"><img loading=\"lazy\" decoding=\"async\" width=\"968\" height=\"1977\" src=\"https:\/\/www.komunikaciksobebliz.cz\/wp-content\/uploads\/2022\/12\/kostel-5.jpg\" alt=\"\" class=\"wp-image-2787\"\/><figcaption class=\"wp-element-caption\"> <\/figcaption><\/figure>\n<\/div>\n\n\n<div style=\"height:79px\" aria-hidden=\"true\" class=\"wp-block-spacer\"><\/div>\n<\/div>\n\n\n\n<div class=\"wp-block-column is-layout-flow wp-block-column-is-layout-flow\" style=\"flex-basis:60%\">\n<p class=\"has-text-color\" style=\"color:#451906c2\">Jmenuju se Hana \u0160ourkov\u00e1 a bav\u00ed m\u011b studovat \u017eivot. Zaj\u00edm\u00e1m m\u011b, jak si tak m\u016f\u017eeme dopomoci k <strong>lep\u0161\u00edmu zdrav\u00ed<\/strong>, <strong>porozum\u011bn\u00ed <\/strong>a <strong>spokojenosti<\/strong>. <\/p>\n\n\n\n<p class=\"has-text-color\" style=\"color:#451906c2\">Miluju kontakt s p\u0159irozenou <strong>harmonii p\u0159\u00edrody<\/strong>. Jej\u00ed p\u0159itomnost mi pom\u00e1h\u00e1 p\u0159ehlu\u0161it uk\u0159i\u010denou mysl a vracet se do kontaktu se svoji p\u0159irozenost\u00ed. <\/p>\n\n\n\n<p class=\"has-text-color\" style=\"color:#451906c2\">Od roku 2011 se zaj\u00edm\u00e1m o r\u016fzn\u00e9 p\u0159\u00edstupy, jak i v b\u011b\u017en\u00e9m \u017eivot\u011b m\u016f\u017eu m\u00e9n\u011b p\u0159ek\u00e1\u017eet svoj\u00ed mysl\u00ed p\u0159irozen\u00e9 <strong>harmonii v sob\u011b<\/strong>. <\/p>\n\n\n\n<p class=\"has-text-color\" style=\"color:#451906c2\">Komunikace s v\u011bdom\u00edm lidsk\u00fdch pot\u0159eb mi k tomu p\u0159in\u00e1\u0161\u00ed <strong> <\/strong>mnoho<strong> praktick\u00fdch n\u00e1stroj\u016f<\/strong>.<\/p>\n\n\n\n<p class=\"has-text-color\" style=\"color:#451906c2\">O mnoho z nich bych se s v\u00e1mi r\u00e1da pod\u011blila.<\/p>\n\n\n\n<p class=\"has-text-align-center has-text-color has-background\" style=\"color:#620101;background:radial-gradient(rgb(248,241,224) 0%,rgb(236,220,191) 54%,rgb(222,196,162) 100%);font-size:22px\"><strong>BIO<\/strong><\/p>\n\n\n\n<ul class=\"wp-block-social-links alignright is-content-justification-left is-layout-flex wp-container-core-social-links-is-layout-fdcfc74e wp-block-social-links-is-layout-flex\"><li class=\"wp-social-link wp-social-link-linkedin  wp-block-social-link\"><a href=\"https:\/\/www.linkedin.com\/in\/hana-sourkova\/\" class=\"wp-block-social-link-anchor\"><svg width=\"24\" height=\"24\" viewBox=\"0 0 24 24\" version=\"1.1\" xmlns=\"http:\/\/www.w3.org\/2000\/svg\" aria-hidden=\"true\" focusable=\"false\"><path d=\"M19.7,3H4.3C3.582,3,3,3.582,3,4.3v15.4C3,20.418,3.582,21,4.3,21h15.4c0.718,0,1.3-0.582,1.3-1.3V4.3 C21,3.582,20.418,3,19.7,3z M8.339,18.338H5.667v-8.59h2.672V18.338z M7.004,8.574c-0.857,0-1.549-0.694-1.549-1.548 c0-0.855,0.691-1.548,1.549-1.548c0.854,0,1.547,0.694,1.547,1.548C8.551,7.881,7.858,8.574,7.004,8.574z M18.339,18.338h-2.669 v-4.177c0-0.996-0.017-2.278-1.387-2.278c-1.389,0-1.601,1.086-1.601,2.206v4.249h-2.667v-8.59h2.559v1.174h0.037 c0.356-0.675,1.227-1.387,2.526-1.387c2.703,0,3.203,1.779,3.203,4.092V18.338z\"><\/path><\/svg><span class=\"wp-block-social-link-label screen-reader-text\">LinkedIn<\/span><\/a><\/li><\/ul>\n\n\n\n<p class=\"has-text-color\" style=\"color:#451906c2\">Jako vystudovan\u00e1 <strong>farmaceutka<\/strong> jsem po \u0161kole ve v\u00fdzkumu <strong>b\u00e1dala<\/strong>, jak lze p\u0159isp\u011bt neuro-reparaci i hemato-onkologick\u00e9 l\u00e9\u010db\u011b; podporovala jsem pacienty v <strong>l\u00e9k\u00e1rn\u011b<\/strong> k <strong>bezpe\u010dn\u00e9mu<\/strong> p\u0159\u00edstupu k l\u00e9k\u016fm a dlouh\u00e9 roky jsem se zab\u00fdvala <strong>hodnocen\u00edm<\/strong> p\u0159\u00ednos\u016f a rizik l\u00e9\u010div. <\/p>\n\n\n\n<p class=\"has-text-color\" style=\"color:#451906c2\">Jakkoli to jsou povol\u00e1n\u00ed zaj\u00edmav\u00e1, \u010dasto mi v nich chyb\u011blo v\u00edce prostoru i dovednost\u00ed hlub\u0161\u00edho <strong>mezilidsk\u00e9ho kontaktu<\/strong>. \u0160\u00ed\u0159en\u00ed n\u00e1stroj\u016f komunikace zam\u011b\u0159en\u00e9 na pot\u0159eby se tak stalo moji <strong>srde\u010dn\u00ed z\u00e1le\u017eitost\u00ed<\/strong>. Zaj\u00edm\u00e1-li V\u00e1s cel\u00e9 moje bio, najdete ho na <strong>Linkedinu<\/strong>.<\/p>\n\n\n\n<p class=\"has-text-align-center has-text-color has-background\" style=\"color:#620101;background:radial-gradient(rgb(248,241,224) 0%,rgb(236,220,191) 54%,rgb(222,196,162) 100%);font-size:22px\"><strong>SD\u00cdLEN\u00cd<\/strong><\/p>\n\n\n\n<p class=\"has-text-color\" style=\"color:#451906c2\">Z toho co jsem z\u00edskala pro sebe j\u00e1, bych r\u00e1da p\u0159edala \u010d\u00e1st i v\u00e1m. <\/p>\n\n\n\n<p class=\"has-text-color\" style=\"color:#451906c2\">V p\u0159ed\u00e1v\u00e1n\u00ed je m\u00fdm c\u00edlem sestavit pro v\u00e1s proces u\u010den\u00ed co nejefektivn\u011bj\u0161\u00ed cestou: <\/p>\n\n\n\n<p class=\"has-text-color\" style=\"color:#451906c2\">abyste zbyte\u010dn\u011b nebloudili tam, kde u\u017e p\u0159ed v\u00e1mi bloudili jin\u00ed;<\/p>\n\n\n\n<p class=\"has-text-color\" style=\"color:#451906c2\"> <strong>podpo\u0159it<\/strong> va\u0161i <strong>motivaci<\/strong>, <strong>z\u00e1jem<\/strong> a <strong>kur\u00e1\u017e<\/strong> v osvojov\u00e1n\u00ed si nov\u00fdch dovednost\u00ed; <\/p>\n\n\n\n<p class=\"has-text-color\" style=\"color:#451906c2\">a poskytnout v\u00e1m <strong>empatickou p\u00e9\u010di<\/strong> ve sv\u00edzeln\u00fdch m\u00edstech.<\/p>\n\n\n\n<p class=\"has-text-color\" style=\"color:#451906c2\">Aby pro v\u00e1s bylo osvojov\u00e1n\u00ed nov\u00fdch dovednost\u00ed <strong>celistv\u00e9<\/strong>, <strong>efektivn\u00ed<\/strong> a z\u00e1rove\u0148 <strong>hrav\u00e9<\/strong>, vyu\u017e\u00edv\u00e1m krom\u011b technik nen\u00e1siln\u00e9 komunikace, pr\u00e1ci s <strong>t\u011blem, hlasem <\/strong>i <strong>kou\u010dov\u00e1n\u00ed<\/strong>, kter\u00e9 se vz\u00e1jemn\u011b dopl\u0148uj\u00ed. <\/p>\n\n\n\n<p class=\"has-text-color\" style=\"color:#451906c2\">V\u00e1m tato kombinace usnadn\u00ed vyu\u017e\u00edt nov\u00e9 <strong>dovednosti<\/strong> hloub\u011bji a efektivn\u011bji <strong>ve va\u0161em \u017eivot\u011b<\/strong>.<\/p>\n<\/div>\n<\/div>\n<\/div>\n<\/div>\n<\/div>\n<\/div>\n<\/div><\/div>\n<\/div>\n<\/div>\n\n\n\n<div class=\"wp-block-columns is-layout-flex wp-container-core-columns-is-layout-9d6595d7 wp-block-columns-is-layout-flex\">\n<div class=\"wp-block-column is-layout-flow wp-block-column-is-layout-flow\" style=\"flex-basis:20%\"><\/div>\n\n\n\n<div class=\"wp-block-column is-layout-flow wp-block-column-is-layout-flow\" style=\"flex-basis:100%\">\n<p class=\"has-text-align-center has-text-color has-background\" style=\"color:#620101;background:radial-gradient(rgb(248,241,224) 0%,rgb(236,220,191) 54%,rgb(222,196,162) 100%);font-size:22px\"><strong>BENEFITY<\/strong> <\/p>\n<\/div>\n\n\n\n<div class=\"wp-block-column is-layout-flow wp-block-column-is-layout-flow\" style=\"flex-basis:20%\"><\/div>\n<\/div>\n\n\n\n<p class=\"has-text-color\" style=\"color:#451906c2;font-size:18px\">Na z\u00e1klad\u011b vlastn\u00edch <strong>zku\u0161enost\u00ed<\/strong> a potvrzen\u00ed od mnoha dal\u0161\u00edch lid\u00ed v\u00edm, \u017ee zm\u011bnou stylu komunikace m\u016f\u017eeme v\u00fdznamn\u011b <strong>ovlivnit<\/strong> svoje <strong>prost\u0159ed\u00ed<\/strong> a <strong>ozdravit svoje sm\u00fd\u0161len\u00ed. Tak aby n\u00e1m pom\u00e1halo v harmonick\u00e9m r\u016fst<\/strong>u.<\/p>\n\n\n\n<p class=\"has-text-color\" style=\"color:#451906c2;font-size:18px\">Cestou <strong>empatick\u00fdch<\/strong> rozhovor\u016f p\u0159iv\u00e1d\u011bj\u00edc\u00edch <strong>p\u0159\u00edtomnou<\/strong> <strong>pozornost <\/strong>k <strong>setk\u00e1n\u00ed<\/strong> s t\u00edm, co se n\u00e1s <strong>dot\u00fdk\u00e1<\/strong>, co z&nbsp;n\u00e1s d\u011bl\u00e1 <strong>\u017eiv\u00e9 lidi<\/strong>, m\u016f\u017eeme b\u00fdt takov\u00e9mu sm\u00fd\u0161len\u00ed a prost\u0159ed\u00ed poka\u017ed\u00e9 o <strong>kr\u016f\u010dek bl\u00ed\u017e<\/strong>.<\/p>\n\n\n\n<p class=\"has-text-color\" style=\"color:#451906c2;font-size:18px\">P\u0159eji si, aby tyto n\u00e1stroje p\u0159\u00edv\u00e1d\u011bj\u00edc\u00ed<strong> v\u011bdom\u00ed k na\u0161emu pro\u017e\u00edv\u00e1n\u00ed<\/strong> byly dostupn\u00e9 k u\u017e\u00edv\u00e1n\u00ed v\u0161em lidem, se kter\u00fdmi <strong>rezonuj\u00ed<\/strong>. A aby s nimi m\u011bli mo\u017enost <strong>tvo\u0159it svoje dohody i vztahy<\/strong> ve <strong>svobodn\u00e9 soun\u00e1le\u017eitosti <\/strong>a podporovat tak vz\u00e1jemn\u011b sv\u016fj <strong>r\u016fst i zdrav\u00ed.<\/strong>  <\/p>\n\n\n\n<p class=\"has-text-color\" style=\"color:#451906c2;font-size:18px\">Bylo by skv\u011bl\u00e9 \u017e\u00edt ve sv\u011bt\u011b, kde jsou tyto dovednosti vytv\u00e1\u0159en\u00ed dohod stejn\u011b roz\u0161\u00ed\u0159en\u00e9 a p\u0159irozen\u00e9 jako <strong>pozdrav, pod\u00e1n\u00ed rukou \u010di obejmut\u00ed.<\/strong><\/p>\n\n\n\n<div style=\"height:25px\" aria-hidden=\"true\" class=\"wp-block-spacer\"><\/div>\n\n\n<div class=\"wp-block-image\">\n<figure class=\"aligncenter size-full is-resized\"><img loading=\"lazy\" decoding=\"async\" width=\"1308\" height=\"507\" src=\"https:\/\/www.komunikaciksobebliz.cz\/wp-content\/uploads\/2023\/01\/ToonCamera-1.jpg\" alt=\"\" class=\"wp-image-3956\" style=\"width:654px;height:254px\"\/><\/figure>\n<\/div>\n\n\n<div style=\"height:25px\" aria-hidden=\"true\" class=\"wp-block-spacer\"><\/div>\n\n\n\n<div class=\"wp-block-columns is-layout-flex wp-container-core-columns-is-layout-9d6595d7 wp-block-columns-is-layout-flex\">\n<div class=\"wp-block-column is-layout-flow wp-block-column-is-layout-flow\" style=\"flex-basis:100%\">\n<div class=\"wp-block-buttons is-content-justification-center is-layout-flex wp-container-core-buttons-is-layout-16018d1d wp-block-buttons-is-layout-flex\">\n<div class=\"wp-block-button aligncenter is-style-outline is-style-outline--1\"><a class=\"wp-block-button__link has-text-color has-background has-custom-font-size wp-element-button\" href=\"http:\/\/www.komunikaciksobebliz.cz\/?page_id=3340\" style=\"border-radius:100px;color:#620101;background:radial-gradient(rgb(248,241,224) 6%,rgb(236,220,191) 33%,rgb(230,210,179) 50%,rgb(222,196,162) 70%,rgb(209,184,154) 100%);font-size:22px\">ODKUD \u010cERP\u00c1M<\/a><\/div>\n<\/div>\n<\/div>\n\n\n\n<div class=\"wp-block-column is-layout-flow wp-block-column-is-layout-flow\" style=\"flex-basis:30%\">\n<div style=\"height:4px\" aria-hidden=\"true\" class=\"wp-block-spacer\"><\/div>\n\n\n\n<p class=\"has-text-align-center has-text-color has-larger-font-size\" style=\"color:#583124\">&amp;<\/p>\n<\/div>\n\n\n\n<div class=\"wp-block-column is-layout-flow wp-block-column-is-layout-flow\" style=\"flex-basis:100%\">\n<div class=\"wp-block-buttons is-content-justification-center is-layout-flex wp-container-core-buttons-is-layout-16018d1d wp-block-buttons-is-layout-flex\">\n<div class=\"wp-block-button is-style-outline is-style-outline--2\"><a class=\"wp-block-button__link has-text-color has-background has-custom-font-size wp-element-button\" href=\"http:\/\/www.komunikaciksobebliz.cz\/?page_id=32\" style=\"color:#620101;background:radial-gradient(rgb(248,241,224) 14%,rgb(230,210,179) 47%,rgb(209,184,154) 100%);font-size:22px\">NAPI\u0160TE MI<\/a><\/div>\n<\/div>\n<\/div>\n<\/div>\n","protected":false},"excerpt":{"rendered":"<p>O MN\u011a Jmenuju se Hana \u0160ourkov\u00e1 a bav\u00ed m\u011b studovat \u017eivot. Zaj\u00edm\u00e1m m\u011b, jak si tak m\u016f\u017eeme dopomoci k lep\u0161\u00edmu zdrav\u00ed, porozum\u011bn\u00ed a spokojenosti. Miluju kontakt s p\u0159irozenou harmonii p\u0159\u00edrody. Jej\u00ed p\u0159itomnost mi pom\u00e1h\u00e1 p\u0159ehlu\u0161it uk\u0159i\u010denou mysl a vracet se do kontaktu se svoji p\u0159irozenost\u00ed. Od roku 2011 se zaj\u00edm\u00e1m o r\u016fzn\u00e9 p\u0159\u00edstupy, jak i v b\u011b\u017en\u00e9m \u017eivot\u011b m\u016f\u017eu m\u00e9n\u011b p\u0159ek\u00e1\u017eet svoj\u00ed mysl\u00ed p\u0159irozen\u00e9 harmonii v sob\u011b. Komunikace s v\u011bdom\u00edm lidsk\u00fdch pot\u0159eb mi k tomu p\u0159in\u00e1\u0161\u00ed mnoho praktick\u00fdch n\u00e1stroj\u016f. O [&hellip;]<\/p>\n","protected":false},"author":1,"featured_media":0,"parent":0,"menu_order":0,"comment_status":"closed","ping_status":"closed","template":"","meta":{"footnotes":""},"class_list":["post-34","page","type-page","status-publish","hentry"],"yoast_head":"<!-- This site is optimized with the Yoast SEO plugin v23.7 - https:\/\/yoast.com\/wordpress\/plugins\/seo\/ -->\n<title>O MN\u011a - KOMUNIKAC\u00cd K SOB\u011a BL\u00cd\u017d<\/title>\n<meta name=\"robots\" content=\"index, follow, max-snippet:-1, max-image-preview:large, max-video-preview:-1\" \/>\n<link rel=\"canonical\" href=\"https:\/\/www.komunikaciksobebliz.cz\/?page_id=34\" \/>\n<meta property=\"og:locale\" content=\"en_US\" \/>\n<meta property=\"og:type\" content=\"article\" \/>\n<meta property=\"og:title\" content=\"O MN\u011a - KOMUNIKAC\u00cd K SOB\u011a BL\u00cd\u017d\" \/>\n<meta property=\"og:description\" content=\"O MN\u011a Jmenuju se Hana \u0160ourkov\u00e1 a bav\u00ed m\u011b studovat \u017eivot. Zaj\u00edm\u00e1m m\u011b, jak si tak m\u016f\u017eeme dopomoci k lep\u0161\u00edmu zdrav\u00ed, porozum\u011bn\u00ed a spokojenosti. Miluju kontakt s p\u0159irozenou harmonii p\u0159\u00edrody. Jej\u00ed p\u0159itomnost mi pom\u00e1h\u00e1 p\u0159ehlu\u0161it uk\u0159i\u010denou mysl a vracet se do kontaktu se svoji p\u0159irozenost\u00ed. Od roku 2011 se zaj\u00edm\u00e1m o r\u016fzn\u00e9 p\u0159\u00edstupy, jak i v b\u011b\u017en\u00e9m \u017eivot\u011b m\u016f\u017eu m\u00e9n\u011b p\u0159ek\u00e1\u017eet svoj\u00ed mysl\u00ed p\u0159irozen\u00e9 harmonii v sob\u011b. Komunikace s v\u011bdom\u00edm lidsk\u00fdch pot\u0159eb mi k tomu p\u0159in\u00e1\u0161\u00ed mnoho praktick\u00fdch n\u00e1stroj\u016f. O [&hellip;]\" \/>\n<meta property=\"og:url\" content=\"https:\/\/www.komunikaciksobebliz.cz\/?page_id=34\" \/>\n<meta property=\"og:site_name\" content=\"KOMUNIKAC\u00cd K SOB\u011a BL\u00cd\u017d\" \/>\n<meta property=\"article:modified_time\" content=\"2025-08-31T14:54:07+00:00\" \/>\n<meta property=\"og:image\" content=\"https:\/\/www.komunikaciksobebliz.cz\/wp-content\/uploads\/2022\/12\/kostel-5.jpg\" \/>\n\t<meta property=\"og:image:width\" content=\"968\" \/>\n\t<meta property=\"og:image:height\" content=\"1977\" \/>\n\t<meta property=\"og:image:type\" content=\"image\/jpeg\" \/>\n<meta name=\"twitter:card\" content=\"summary_large_image\" \/>\n<meta name=\"twitter:label1\" content=\"Est. reading time\" \/>\n\t<meta name=\"twitter:data1\" content=\"3 minutes\" \/>\n<script type=\"application\/ld+json\" class=\"yoast-schema-graph\">{\"@context\":\"https:\/\/schema.org\",\"@graph\":[{\"@type\":\"WebPage\",\"@id\":\"https:\/\/www.komunikaciksobebliz.cz\/?page_id=34\",\"url\":\"https:\/\/www.komunikaciksobebliz.cz\/?page_id=34\",\"name\":\"O MN\u011a - KOMUNIKAC\u00cd K SOB\u011a BL\u00cd\u017d\",\"isPartOf\":{\"@id\":\"http:\/\/www.komunikaciksobebliz.cz\/#website\"},\"primaryImageOfPage\":{\"@id\":\"https:\/\/www.komunikaciksobebliz.cz\/?page_id=34#primaryimage\"},\"image\":{\"@id\":\"https:\/\/www.komunikaciksobebliz.cz\/?page_id=34#primaryimage\"},\"thumbnailUrl\":\"https:\/\/www.komunikaciksobebliz.cz\/wp-content\/uploads\/2022\/12\/kostel-5.jpg\",\"datePublished\":\"2022-03-29T14:15:05+00:00\",\"dateModified\":\"2025-08-31T14:54:07+00:00\",\"breadcrumb\":{\"@id\":\"https:\/\/www.komunikaciksobebliz.cz\/?page_id=34#breadcrumb\"},\"inLanguage\":\"en-US\",\"potentialAction\":[{\"@type\":\"ReadAction\",\"target\":[\"https:\/\/www.komunikaciksobebliz.cz\/?page_id=34\"]}]},{\"@type\":\"ImageObject\",\"inLanguage\":\"en-US\",\"@id\":\"https:\/\/www.komunikaciksobebliz.cz\/?page_id=34#primaryimage\",\"url\":\"https:\/\/www.komunikaciksobebliz.cz\/wp-content\/uploads\/2022\/12\/kostel-5.jpg\",\"contentUrl\":\"https:\/\/www.komunikaciksobebliz.cz\/wp-content\/uploads\/2022\/12\/kostel-5.jpg\",\"width\":968,\"height\":1977},{\"@type\":\"BreadcrumbList\",\"@id\":\"https:\/\/www.komunikaciksobebliz.cz\/?page_id=34#breadcrumb\",\"itemListElement\":[{\"@type\":\"ListItem\",\"position\":1,\"name\":\"Home\",\"item\":\"https:\/\/www.komunikaciksobebliz.cz\/\"},{\"@type\":\"ListItem\",\"position\":2,\"name\":\"O MN\u011a\"}]},{\"@type\":\"WebSite\",\"@id\":\"http:\/\/www.komunikaciksobebliz.cz\/#website\",\"url\":\"http:\/\/www.komunikaciksobebliz.cz\/\",\"name\":\"KOMUNIKAC\u00cd K SOB\u011a BL\u00cd\u017d\",\"description\":\"\",\"potentialAction\":[{\"@type\":\"SearchAction\",\"target\":{\"@type\":\"EntryPoint\",\"urlTemplate\":\"http:\/\/www.komunikaciksobebliz.cz\/?s={search_term_string}\"},\"query-input\":{\"@type\":\"PropertyValueSpecification\",\"valueRequired\":true,\"valueName\":\"search_term_string\"}}],\"inLanguage\":\"en-US\"}]}<\/script>\n<!-- \/ Yoast SEO plugin. -->","yoast_head_json":{"title":"O MN\u011a - KOMUNIKAC\u00cd K SOB\u011a BL\u00cd\u017d","robots":{"index":"index","follow":"follow","max-snippet":"max-snippet:-1","max-image-preview":"max-image-preview:large","max-video-preview":"max-video-preview:-1"},"canonical":"https:\/\/www.komunikaciksobebliz.cz\/?page_id=34","og_locale":"en_US","og_type":"article","og_title":"O MN\u011a - KOMUNIKAC\u00cd K SOB\u011a BL\u00cd\u017d","og_description":"O MN\u011a Jmenuju se Hana \u0160ourkov\u00e1 a bav\u00ed m\u011b studovat \u017eivot. Zaj\u00edm\u00e1m m\u011b, jak si tak m\u016f\u017eeme dopomoci k lep\u0161\u00edmu zdrav\u00ed, porozum\u011bn\u00ed a spokojenosti. Miluju kontakt s p\u0159irozenou harmonii p\u0159\u00edrody. Jej\u00ed p\u0159itomnost mi pom\u00e1h\u00e1 p\u0159ehlu\u0161it uk\u0159i\u010denou mysl a vracet se do kontaktu se svoji p\u0159irozenost\u00ed. Od roku 2011 se zaj\u00edm\u00e1m o r\u016fzn\u00e9 p\u0159\u00edstupy, jak i v b\u011b\u017en\u00e9m \u017eivot\u011b m\u016f\u017eu m\u00e9n\u011b p\u0159ek\u00e1\u017eet svoj\u00ed mysl\u00ed p\u0159irozen\u00e9 harmonii v sob\u011b. Komunikace s v\u011bdom\u00edm lidsk\u00fdch pot\u0159eb mi k tomu p\u0159in\u00e1\u0161\u00ed mnoho praktick\u00fdch n\u00e1stroj\u016f. O [&hellip;]","og_url":"https:\/\/www.komunikaciksobebliz.cz\/?page_id=34","og_site_name":"KOMUNIKAC\u00cd K SOB\u011a BL\u00cd\u017d","article_modified_time":"2025-08-31T14:54:07+00:00","og_image":[{"width":968,"height":1977,"url":"https:\/\/www.komunikaciksobebliz.cz\/wp-content\/uploads\/2022\/12\/kostel-5.jpg","type":"image\/jpeg"}],"twitter_card":"summary_large_image","twitter_misc":{"Est. reading time":"3 minutes"},"schema":{"@context":"https:\/\/schema.org","@graph":[{"@type":"WebPage","@id":"https:\/\/www.komunikaciksobebliz.cz\/?page_id=34","url":"https:\/\/www.komunikaciksobebliz.cz\/?page_id=34","name":"O MN\u011a - KOMUNIKAC\u00cd K SOB\u011a BL\u00cd\u017d","isPartOf":{"@id":"http:\/\/www.komunikaciksobebliz.cz\/#website"},"primaryImageOfPage":{"@id":"https:\/\/www.komunikaciksobebliz.cz\/?page_id=34#primaryimage"},"image":{"@id":"https:\/\/www.komunikaciksobebliz.cz\/?page_id=34#primaryimage"},"thumbnailUrl":"https:\/\/www.komunikaciksobebliz.cz\/wp-content\/uploads\/2022\/12\/kostel-5.jpg","datePublished":"2022-03-29T14:15:05+00:00","dateModified":"2025-08-31T14:54:07+00:00","breadcrumb":{"@id":"https:\/\/www.komunikaciksobebliz.cz\/?page_id=34#breadcrumb"},"inLanguage":"en-US","potentialAction":[{"@type":"ReadAction","target":["https:\/\/www.komunikaciksobebliz.cz\/?page_id=34"]}]},{"@type":"ImageObject","inLanguage":"en-US","@id":"https:\/\/www.komunikaciksobebliz.cz\/?page_id=34#primaryimage","url":"https:\/\/www.komunikaciksobebliz.cz\/wp-content\/uploads\/2022\/12\/kostel-5.jpg","contentUrl":"https:\/\/www.komunikaciksobebliz.cz\/wp-content\/uploads\/2022\/12\/kostel-5.jpg","width":968,"height":1977},{"@type":"BreadcrumbList","@id":"https:\/\/www.komunikaciksobebliz.cz\/?page_id=34#breadcrumb","itemListElement":[{"@type":"ListItem","position":1,"name":"Home","item":"https:\/\/www.komunikaciksobebliz.cz\/"},{"@type":"ListItem","position":2,"name":"O MN\u011a"}]},{"@type":"WebSite","@id":"http:\/\/www.komunikaciksobebliz.cz\/#website","url":"http:\/\/www.komunikaciksobebliz.cz\/","name":"KOMUNIKAC\u00cd K SOB\u011a BL\u00cd\u017d","description":"","potentialAction":[{"@type":"SearchAction","target":{"@type":"EntryPoint","urlTemplate":"http:\/\/www.komunikaciksobebliz.cz\/?s={search_term_string}"},"query-input":{"@type":"PropertyValueSpecification","valueRequired":true,"valueName":"search_term_string"}}],"inLanguage":"en-US"}]}},"_links":{"self":[{"href":"https:\/\/www.komunikaciksobebliz.cz\/index.php?rest_route=\/wp\/v2\/pages\/34","targetHints":{"allow":["GET"]}}],"collection":[{"href":"https:\/\/www.komunikaciksobebliz.cz\/index.php?rest_route=\/wp\/v2\/pages"}],"about":[{"href":"https:\/\/www.komunikaciksobebliz.cz\/index.php?rest_route=\/wp\/v2\/types\/page"}],"author":[{"embeddable":true,"href":"https:\/\/www.komunikaciksobebliz.cz\/index.php?rest_route=\/wp\/v2\/users\/1"}],"replies":[{"embeddable":true,"href":"https:\/\/www.komunikaciksobebliz.cz\/index.php?rest_route=%2Fwp%2Fv2%2Fcomments&post=34"}],"version-history":[{"count":427,"href":"https:\/\/www.komunikaciksobebliz.cz\/index.php?rest_route=\/wp\/v2\/pages\/34\/revisions"}],"predecessor-version":[{"id":4681,"href":"https:\/\/www.komunikaciksobebliz.cz\/index.php?rest_route=\/wp\/v2\/pages\/34\/revisions\/4681"}],"wp:attachment":[{"href":"https:\/\/www.komunikaciksobebliz.cz\/index.php?rest_route=%2Fwp%2Fv2%2Fmedia&parent=34"}],"curies":[{"name":"wp","href":"https:\/\/api.w.org\/{rel}","templated":true}]}}