{"id":33,"date":"2022-03-29T14:15:05","date_gmt":"2022-03-29T14:15:05","guid":{"rendered":"http:\/\/35.237.3.110\/wordpress\/?page_id=33"},"modified":"2023-02-22T13:37:26","modified_gmt":"2023-02-22T13:37:26","slug":"pozvani-na-akce","status":"publish","type":"page","link":"https:\/\/www.komunikaciksobebliz.cz\/?page_id=33","title":{"rendered":"empaticky naslouchani indi"},"content":{"rendered":"\n<div class=\"wp-block-columns is-layout-flex wp-container-core-columns-is-layout-9d6595d7 wp-block-columns-is-layout-flex\">\n<div class=\"wp-block-column is-vertically-aligned-center is-layout-flow wp-block-column-is-layout-flow\" style=\"flex-basis:100%\">\n<div class=\"wp-block-columns is-layout-flex wp-container-core-columns-is-layout-9d6595d7 wp-block-columns-is-layout-flex\">\n<div class=\"wp-block-column is-layout-flow wp-block-column-is-layout-flow\" style=\"flex-basis:20%\"><\/div>\n\n\n\n<div class=\"wp-block-column is-layout-flow wp-block-column-is-layout-flow\" style=\"flex-basis:100%\">\n<p class=\"has-text-align-center has-text-color has-background\" style=\"color:#620101;background:radial-gradient(rgb(248,241,224) 0%,rgb(236,220,191) 54%,rgb(222,196,162) 100%);font-size:22px\"><strong>EMPATICKY REFLEKTUJ\u00cdC\u00cd NASLOUCH\u00c1N\u00cd<\/strong><\/p>\n<\/div>\n\n\n\n<div class=\"wp-block-column is-layout-flow wp-block-column-is-layout-flow\" style=\"flex-basis:20%\"><\/div>\n<\/div>\n<\/div>\n<\/div>\n\n\n\n<div class=\"wp-block-columns is-layout-flex wp-container-core-columns-is-layout-9d6595d7 wp-block-columns-is-layout-flex\">\n<div class=\"wp-block-column has-text-color is-layout-flow wp-block-column-is-layout-flow\" style=\"color:#451906c2;flex-basis:100%\">\n<div class=\"wp-block-group\"><div class=\"wp-block-group__inner-container is-layout-constrained wp-block-group-is-layout-constrained\"><div class=\"wp-block-image is-style-default\">\n<figure class=\"alignright size-full is-resized\"><img loading=\"lazy\" decoding=\"async\" src=\"https:\/\/www.komunikaciksobebliz.cz\/wp-content\/uploads\/2022\/12\/EMPATIE.jpg\" alt=\"\" class=\"wp-image-3755\" width=\"256\" height=\"216\"\/><\/figure>\n<\/div>\n\n\n<p style=\"font-size:18px\">Empaticky reflektuj\u00edc\u00ed naslouch\u00e1n\u00ed je individu\u00e1ln\u00ed doprov\u00e1zen\u00ed formou <strong>rozhovoru<\/strong>. Mluv\u00edte zejm\u00e9na vy, o tom co v\u00e1s t\u00ed\u017e\u00ed, v \u010dem byste cht\u011bli m\u00edt v\u00edc jasnosti, pro co byste v sob\u011b cht\u011bli naj\u00edt v\u00edc porozum\u011bn\u00ed, abyste se mohli <strong>posunout o krok d\u00e1l<\/strong>. <\/p>\n\n\n\n<p style=\"font-size:18px\">Moje role zde je role <strong>zrcadla<\/strong> <strong>empaticky p\u0159ekl\u00e1daj\u00edc\u00edho<\/strong> v\u00e1\u0161 p\u0159\u00edb\u011bh do <strong>form\u00e1tu<\/strong>, kter\u00fd je pro mysl jednodu\u0161\u0161\u00ed, p\u0159ehledn\u011bj\u0161\u00ed a tak sn\u00e1ze <strong>p\u0159ijateln\u011bj\u0161\u00ed<\/strong>. <\/p>\n\n\n\n<p style=\"font-size:18px\">Nejen \u017ee se v\u00e1m <strong>vyjasn\u00ed<\/strong> dan\u00e1 situace, ale nav\u00edc se va\u0161e mysl <strong>u\u010d\u00ed<\/strong> pou\u017e\u00edvat obdobn\u00fd <strong>laskav\u00fd p\u0159eklada\u010d<\/strong> i pro svoje dal\u0161\u00ed p\u0159\u00edb\u011bhy a <strong>neporozum\u011bn\u00ed<\/strong> se sebou i s druh\u00fdmi.<\/p>\n<\/div><\/div>\n\n\n\n<div class=\"wp-block-columns is-layout-flex wp-container-core-columns-is-layout-9d6595d7 wp-block-columns-is-layout-flex\">\n<div class=\"wp-block-column is-layout-flow wp-block-column-is-layout-flow\" style=\"font-size:18px;flex-basis:100%\">\n<div class=\"wp-block-columns is-layout-flex wp-container-core-columns-is-layout-9d6595d7 wp-block-columns-is-layout-flex\">\n<div class=\"wp-block-column is-layout-flow wp-block-column-is-layout-flow\" style=\"font-size:18px;flex-basis:100%\">\n<p><\/p>\n\n\n\n<p>Doprov\u00e1zen\u00ed pomoc\u00ed empaticky reflektuj\u00edc\u00edho naslouch\u00e1n\u00ed v\u00e1m tedy pom\u016f\u017ee <strong>DOPLNIT<\/strong> svoji n\u00e1dobu <strong>empatie sob\u011b <\/strong>a nau\u010dit si ji p\u0159irozen\u011b <strong>poskytovat sami<\/strong>, abyste se sn\u00e1ze:<\/p>\n<\/div>\n<\/div>\n<\/div>\n<\/div>\n\n\n\n<div class=\"wp-block-columns is-layout-flex wp-container-core-columns-is-layout-9d6595d7 wp-block-columns-is-layout-flex\">\n<div class=\"wp-block-column is-vertically-aligned-center is-layout-flow wp-block-column-is-layout-flow\" style=\"flex-basis:15%\"><\/div>\n\n\n\n<div class=\"wp-block-column is-layout-flow wp-block-column-is-layout-flow\">\n<ul class=\"wp-block-list\" style=\"font-size:18px\">\n<li>vraceli do <strong>kontaktu<\/strong> se sebou a sv\u00fdm <strong>pro\u017e\u00edv\u00e1n\u00edm<\/strong><\/li>\n\n\n\n<li>rozum\u011bli sv\u00fdm emoc\u00edm a pot\u0159eb\u00e1m<\/li>\n\n\n\n<li>harmonicky <strong>pe\u010dovali o svoje pot\u0159eby<\/strong> a <strong>zdroje<\/strong><\/li>\n\n\n\n<li>dopl\u0148ovali svoje z\u00e1soby zdrav\u00e9 empatie<strong> pro svoje vztahy <\/strong><\/li>\n\n\n\n<li><strong>vytv\u00e1\u0159eli \u0159e\u0161en\u00ed<\/strong> na m\u00edru sv\u00fdm pot\u0159eb\u00e1m <\/li>\n\n\n\n<li>vyjas\u0148ovali a ch\u00e1pali sebe i druh\u00e9 v <strong>n\u00e1ro\u010dn\u00fdch situac\u00edch <\/strong><\/li>\n\n\n\n<li>usm\u011br\u0148ovali vnit\u0159n\u00ed a vn\u011bj\u0161\u00ed konflikty <strong>ozdravn\u00fdm r\u016fstov\u00fdm<\/strong> zp\u016fsobem<\/li>\n<\/ul>\n<\/div>\n\n\n\n<div class=\"wp-block-column is-layout-flow wp-block-column-is-layout-flow\" style=\"flex-basis:20px\"><\/div>\n<\/div>\n<\/div>\n<\/div>\n\n\n<div class=\"wp-block-image\">\n<figure class=\"aligncenter size-full is-resized\"><img loading=\"lazy\" decoding=\"async\" src=\"https:\/\/www.komunikaciksobebliz.cz\/wp-content\/uploads\/2023\/01\/ToonCamera-2.jpg\" alt=\"\" class=\"wp-image-3962\" width=\"555\" height=\"250\"\/><\/figure>\n<\/div>\n\n\n<div style=\"height:28px\" aria-hidden=\"true\" class=\"wp-block-spacer\"><\/div>\n\n\n\n<div class=\"wp-block-columns is-layout-flex wp-container-core-columns-is-layout-9d6595d7 wp-block-columns-is-layout-flex\">\n<div class=\"wp-block-column is-layout-flow wp-block-column-is-layout-flow\" style=\"flex-basis:100%\">\n<div class=\"wp-block-buttons is-content-justification-right is-layout-flex wp-container-core-buttons-is-layout-765c4724 wp-block-buttons-is-layout-flex\">\n<div class=\"wp-block-button has-custom-font-size is-style-outline is-style-outline--1\" style=\"font-size:22px\"><a class=\"wp-block-button__link has-text-color has-background wp-element-button\" href=\"http:\/\/www.komunikaciksobebliz.cz\/?page_id=2892\" style=\"color:#620101;background:radial-gradient(rgb(248,241,224) 14%,rgb(230,210,179) 47%,rgb(209,184,154) 100%)\">PROHL\u00c9DN\u011aTE SI DETAILY<\/a><\/div>\n<\/div>\n<\/div>\n\n\n\n<div class=\"wp-block-column is-layout-flow wp-block-column-is-layout-flow\" style=\"flex-basis:100px\">\n<div style=\"height:3px\" aria-hidden=\"true\" class=\"wp-block-spacer\"><\/div>\n\n\n\n<p class=\"has-text-align-center has-larger-font-size\">&amp;<\/p>\n<\/div>\n\n\n\n<div class=\"wp-block-column is-layout-flow wp-block-column-is-layout-flow\" style=\"flex-basis:100%\">\n<div class=\"wp-block-buttons is-layout-flex wp-block-buttons-is-layout-flex\">\n<div class=\"wp-block-button has-custom-font-size is-style-outline is-style-outline--2\" style=\"font-size:22px\"><a class=\"wp-block-button__link has-text-color has-background wp-element-button\" href=\"http:\/\/www.komunikaciksobebliz.cz\/?page_id=4215\" style=\"color:#620101;background:radial-gradient(rgb(248,241,224) 0%,rgb(230,210,179) 45%,rgb(209,184,154) 100%)\">DEJTE MI V\u011aD\u011aT O SV\u00c9M Z\u00c1JMU<\/a><\/div>\n<\/div>\n<\/div>\n<\/div>\n\n\n\n<div style=\"height:36px\" aria-hidden=\"true\" class=\"wp-block-spacer\"><\/div>\n\n\n\n<figure class=\"wp-block-pullquote has-border-color has-text-color\" style=\"border-color:#451906c2;border-radius:62px;color:#451906c2;font-size:18px\"><blockquote><p><em><strong>Moudr\u00e1 a citliv\u00e1 jemnost<\/strong> plynouc\u00ed z empatick\u00fdch rozhovor\u016f je jako \u017eiv\u00e1 voda. Takov\u00e1 kter\u00e1 v n\u00e1s pramen\u00ed p\u0159i <strong>v\u011bdom\u00e9m<\/strong> kontaktu s na\u0161imi pot\u0159ebami a soucitem s na\u0161\u00ed <strong>zranitelnost\u00ed<\/strong>. <\/em><br><em>Jemnost, kter\u00e1 <strong>harmonicky<\/strong> <strong>obrozuje na\u0161i osobn\u00ed pravdivost<\/strong> a <strong>integritu<\/strong>.<\/em><\/p><\/blockquote><\/figure>\n\n\n\n<div style=\"height:20px\" aria-hidden=\"true\" class=\"wp-block-spacer\"><\/div>\n\n\n\n<hr class=\"wp-block-separator has-alpha-channel-opacity is-style-wide\"\/>\n\n\n\n<p class=\"has-text-align-center has-text-color has-regular-font-size\" style=\"color:#451906c2\">Je mo\u017en\u00e9 se domluvit i na <strong>individu\u00e1ln\u00edch tr\u00e9ninc\u00edch<\/strong> komunika\u010dn\u00edch dovednost\u00ed. M\u00e1te-li o tyto z\u00e1jem, pokra\u010dujte pros\u00edm <a href=\"http:\/\/www.komunikaciksobebliz.cz\/?page_id=4110\">zde<\/a>.<\/p>\n","protected":false},"excerpt":{"rendered":"<p>EMPATICKY REFLEKTUJ\u00cdC\u00cd NASLOUCH\u00c1N\u00cd Empaticky reflektuj\u00edc\u00ed naslouch\u00e1n\u00ed je individu\u00e1ln\u00ed doprov\u00e1zen\u00ed formou rozhovoru. Mluv\u00edte zejm\u00e9na vy, o tom co v\u00e1s t\u00ed\u017e\u00ed, v \u010dem byste cht\u011bli m\u00edt v\u00edc jasnosti, pro co byste v sob\u011b cht\u011bli naj\u00edt v\u00edc porozum\u011bn\u00ed, abyste se mohli posunout o krok d\u00e1l. Moje role zde je role zrcadla empaticky p\u0159ekl\u00e1daj\u00edc\u00edho v\u00e1\u0161 p\u0159\u00edb\u011bh do form\u00e1tu, kter\u00fd je pro mysl jednodu\u0161\u0161\u00ed, p\u0159ehledn\u011bj\u0161\u00ed a tak sn\u00e1ze p\u0159ijateln\u011bj\u0161\u00ed. Nejen \u017ee se v\u00e1m vyjasn\u00ed dan\u00e1 situace, ale nav\u00edc se va\u0161e mysl u\u010d\u00ed pou\u017e\u00edvat obdobn\u00fd laskav\u00fd [&hellip;]<\/p>\n","protected":false},"author":1,"featured_media":0,"parent":0,"menu_order":0,"comment_status":"closed","ping_status":"closed","template":"","meta":{"footnotes":""},"class_list":["post-33","page","type-page","status-publish","hentry"],"yoast_head":"<!-- This site is optimized with the Yoast SEO plugin v23.7 - https:\/\/yoast.com\/wordpress\/plugins\/seo\/ -->\n<title>empaticky naslouchani indi - KOMUNIKAC\u00cd K SOB\u011a BL\u00cd\u017d<\/title>\n<meta name=\"robots\" content=\"index, follow, max-snippet:-1, max-image-preview:large, max-video-preview:-1\" \/>\n<link rel=\"canonical\" href=\"https:\/\/www.komunikaciksobebliz.cz\/?page_id=33\" \/>\n<meta property=\"og:locale\" content=\"en_US\" \/>\n<meta property=\"og:type\" content=\"article\" \/>\n<meta property=\"og:title\" content=\"empaticky naslouchani indi - KOMUNIKAC\u00cd K SOB\u011a BL\u00cd\u017d\" \/>\n<meta property=\"og:description\" content=\"EMPATICKY REFLEKTUJ\u00cdC\u00cd NASLOUCH\u00c1N\u00cd Empaticky reflektuj\u00edc\u00ed naslouch\u00e1n\u00ed je individu\u00e1ln\u00ed doprov\u00e1zen\u00ed formou rozhovoru. Mluv\u00edte zejm\u00e9na vy, o tom co v\u00e1s t\u00ed\u017e\u00ed, v \u010dem byste cht\u011bli m\u00edt v\u00edc jasnosti, pro co byste v sob\u011b cht\u011bli naj\u00edt v\u00edc porozum\u011bn\u00ed, abyste se mohli posunout o krok d\u00e1l. Moje role zde je role zrcadla empaticky p\u0159ekl\u00e1daj\u00edc\u00edho v\u00e1\u0161 p\u0159\u00edb\u011bh do form\u00e1tu, kter\u00fd je pro mysl jednodu\u0161\u0161\u00ed, p\u0159ehledn\u011bj\u0161\u00ed a tak sn\u00e1ze p\u0159ijateln\u011bj\u0161\u00ed. Nejen \u017ee se v\u00e1m vyjasn\u00ed dan\u00e1 situace, ale nav\u00edc se va\u0161e mysl u\u010d\u00ed pou\u017e\u00edvat obdobn\u00fd laskav\u00fd [&hellip;]\" \/>\n<meta property=\"og:url\" content=\"https:\/\/www.komunikaciksobebliz.cz\/?page_id=33\" \/>\n<meta property=\"og:site_name\" content=\"KOMUNIKAC\u00cd K SOB\u011a BL\u00cd\u017d\" \/>\n<meta property=\"article:modified_time\" content=\"2023-02-22T13:37:26+00:00\" \/>\n<meta property=\"og:image\" content=\"https:\/\/www.komunikaciksobebliz.cz\/wp-content\/uploads\/2022\/12\/EMPATIE.jpg\" \/>\n<meta name=\"twitter:card\" content=\"summary_large_image\" \/>\n<meta name=\"twitter:label1\" content=\"Est. reading time\" \/>\n\t<meta name=\"twitter:data1\" content=\"2 minutes\" \/>\n<script type=\"application\/ld+json\" class=\"yoast-schema-graph\">{\"@context\":\"https:\/\/schema.org\",\"@graph\":[{\"@type\":\"WebPage\",\"@id\":\"https:\/\/www.komunikaciksobebliz.cz\/?page_id=33\",\"url\":\"https:\/\/www.komunikaciksobebliz.cz\/?page_id=33\",\"name\":\"empaticky naslouchani indi - KOMUNIKAC\u00cd K SOB\u011a BL\u00cd\u017d\",\"isPartOf\":{\"@id\":\"http:\/\/www.komunikaciksobebliz.cz\/#website\"},\"primaryImageOfPage\":{\"@id\":\"https:\/\/www.komunikaciksobebliz.cz\/?page_id=33#primaryimage\"},\"image\":{\"@id\":\"https:\/\/www.komunikaciksobebliz.cz\/?page_id=33#primaryimage\"},\"thumbnailUrl\":\"https:\/\/www.komunikaciksobebliz.cz\/wp-content\/uploads\/2022\/12\/EMPATIE.jpg\",\"datePublished\":\"2022-03-29T14:15:05+00:00\",\"dateModified\":\"2023-02-22T13:37:26+00:00\",\"breadcrumb\":{\"@id\":\"https:\/\/www.komunikaciksobebliz.cz\/?page_id=33#breadcrumb\"},\"inLanguage\":\"en-US\",\"potentialAction\":[{\"@type\":\"ReadAction\",\"target\":[\"https:\/\/www.komunikaciksobebliz.cz\/?page_id=33\"]}]},{\"@type\":\"ImageObject\",\"inLanguage\":\"en-US\",\"@id\":\"https:\/\/www.komunikaciksobebliz.cz\/?page_id=33#primaryimage\",\"url\":\"https:\/\/www.komunikaciksobebliz.cz\/wp-content\/uploads\/2022\/12\/EMPATIE.jpg\",\"contentUrl\":\"https:\/\/www.komunikaciksobebliz.cz\/wp-content\/uploads\/2022\/12\/EMPATIE.jpg\",\"width\":758,\"height\":635},{\"@type\":\"BreadcrumbList\",\"@id\":\"https:\/\/www.komunikaciksobebliz.cz\/?page_id=33#breadcrumb\",\"itemListElement\":[{\"@type\":\"ListItem\",\"position\":1,\"name\":\"Home\",\"item\":\"https:\/\/www.komunikaciksobebliz.cz\/\"},{\"@type\":\"ListItem\",\"position\":2,\"name\":\"empaticky naslouchani indi\"}]},{\"@type\":\"WebSite\",\"@id\":\"http:\/\/www.komunikaciksobebliz.cz\/#website\",\"url\":\"http:\/\/www.komunikaciksobebliz.cz\/\",\"name\":\"KOMUNIKAC\u00cd K SOB\u011a BL\u00cd\u017d\",\"description\":\"\",\"potentialAction\":[{\"@type\":\"SearchAction\",\"target\":{\"@type\":\"EntryPoint\",\"urlTemplate\":\"http:\/\/www.komunikaciksobebliz.cz\/?s={search_term_string}\"},\"query-input\":{\"@type\":\"PropertyValueSpecification\",\"valueRequired\":true,\"valueName\":\"search_term_string\"}}],\"inLanguage\":\"en-US\"}]}<\/script>\n<!-- \/ Yoast SEO plugin. -->","yoast_head_json":{"title":"empaticky naslouchani indi - KOMUNIKAC\u00cd K SOB\u011a BL\u00cd\u017d","robots":{"index":"index","follow":"follow","max-snippet":"max-snippet:-1","max-image-preview":"max-image-preview:large","max-video-preview":"max-video-preview:-1"},"canonical":"https:\/\/www.komunikaciksobebliz.cz\/?page_id=33","og_locale":"en_US","og_type":"article","og_title":"empaticky naslouchani indi - KOMUNIKAC\u00cd K SOB\u011a BL\u00cd\u017d","og_description":"EMPATICKY REFLEKTUJ\u00cdC\u00cd NASLOUCH\u00c1N\u00cd Empaticky reflektuj\u00edc\u00ed naslouch\u00e1n\u00ed je individu\u00e1ln\u00ed doprov\u00e1zen\u00ed formou rozhovoru. Mluv\u00edte zejm\u00e9na vy, o tom co v\u00e1s t\u00ed\u017e\u00ed, v \u010dem byste cht\u011bli m\u00edt v\u00edc jasnosti, pro co byste v sob\u011b cht\u011bli naj\u00edt v\u00edc porozum\u011bn\u00ed, abyste se mohli posunout o krok d\u00e1l. Moje role zde je role zrcadla empaticky p\u0159ekl\u00e1daj\u00edc\u00edho v\u00e1\u0161 p\u0159\u00edb\u011bh do form\u00e1tu, kter\u00fd je pro mysl jednodu\u0161\u0161\u00ed, p\u0159ehledn\u011bj\u0161\u00ed a tak sn\u00e1ze p\u0159ijateln\u011bj\u0161\u00ed. Nejen \u017ee se v\u00e1m vyjasn\u00ed dan\u00e1 situace, ale nav\u00edc se va\u0161e mysl u\u010d\u00ed pou\u017e\u00edvat obdobn\u00fd laskav\u00fd [&hellip;]","og_url":"https:\/\/www.komunikaciksobebliz.cz\/?page_id=33","og_site_name":"KOMUNIKAC\u00cd K SOB\u011a BL\u00cd\u017d","article_modified_time":"2023-02-22T13:37:26+00:00","og_image":[{"url":"https:\/\/www.komunikaciksobebliz.cz\/wp-content\/uploads\/2022\/12\/EMPATIE.jpg"}],"twitter_card":"summary_large_image","twitter_misc":{"Est. reading time":"2 minutes"},"schema":{"@context":"https:\/\/schema.org","@graph":[{"@type":"WebPage","@id":"https:\/\/www.komunikaciksobebliz.cz\/?page_id=33","url":"https:\/\/www.komunikaciksobebliz.cz\/?page_id=33","name":"empaticky naslouchani indi - KOMUNIKAC\u00cd K SOB\u011a BL\u00cd\u017d","isPartOf":{"@id":"http:\/\/www.komunikaciksobebliz.cz\/#website"},"primaryImageOfPage":{"@id":"https:\/\/www.komunikaciksobebliz.cz\/?page_id=33#primaryimage"},"image":{"@id":"https:\/\/www.komunikaciksobebliz.cz\/?page_id=33#primaryimage"},"thumbnailUrl":"https:\/\/www.komunikaciksobebliz.cz\/wp-content\/uploads\/2022\/12\/EMPATIE.jpg","datePublished":"2022-03-29T14:15:05+00:00","dateModified":"2023-02-22T13:37:26+00:00","breadcrumb":{"@id":"https:\/\/www.komunikaciksobebliz.cz\/?page_id=33#breadcrumb"},"inLanguage":"en-US","potentialAction":[{"@type":"ReadAction","target":["https:\/\/www.komunikaciksobebliz.cz\/?page_id=33"]}]},{"@type":"ImageObject","inLanguage":"en-US","@id":"https:\/\/www.komunikaciksobebliz.cz\/?page_id=33#primaryimage","url":"https:\/\/www.komunikaciksobebliz.cz\/wp-content\/uploads\/2022\/12\/EMPATIE.jpg","contentUrl":"https:\/\/www.komunikaciksobebliz.cz\/wp-content\/uploads\/2022\/12\/EMPATIE.jpg","width":758,"height":635},{"@type":"BreadcrumbList","@id":"https:\/\/www.komunikaciksobebliz.cz\/?page_id=33#breadcrumb","itemListElement":[{"@type":"ListItem","position":1,"name":"Home","item":"https:\/\/www.komunikaciksobebliz.cz\/"},{"@type":"ListItem","position":2,"name":"empaticky naslouchani indi"}]},{"@type":"WebSite","@id":"http:\/\/www.komunikaciksobebliz.cz\/#website","url":"http:\/\/www.komunikaciksobebliz.cz\/","name":"KOMUNIKAC\u00cd K SOB\u011a BL\u00cd\u017d","description":"","potentialAction":[{"@type":"SearchAction","target":{"@type":"EntryPoint","urlTemplate":"http:\/\/www.komunikaciksobebliz.cz\/?s={search_term_string}"},"query-input":{"@type":"PropertyValueSpecification","valueRequired":true,"valueName":"search_term_string"}}],"inLanguage":"en-US"}]}},"_links":{"self":[{"href":"https:\/\/www.komunikaciksobebliz.cz\/index.php?rest_route=\/wp\/v2\/pages\/33","targetHints":{"allow":["GET"]}}],"collection":[{"href":"https:\/\/www.komunikaciksobebliz.cz\/index.php?rest_route=\/wp\/v2\/pages"}],"about":[{"href":"https:\/\/www.komunikaciksobebliz.cz\/index.php?rest_route=\/wp\/v2\/types\/page"}],"author":[{"embeddable":true,"href":"https:\/\/www.komunikaciksobebliz.cz\/index.php?rest_route=\/wp\/v2\/users\/1"}],"replies":[{"embeddable":true,"href":"https:\/\/www.komunikaciksobebliz.cz\/index.php?rest_route=%2Fwp%2Fv2%2Fcomments&post=33"}],"version-history":[{"count":183,"href":"https:\/\/www.komunikaciksobebliz.cz\/index.php?rest_route=\/wp\/v2\/pages\/33\/revisions"}],"predecessor-version":[{"id":4631,"href":"https:\/\/www.komunikaciksobebliz.cz\/index.php?rest_route=\/wp\/v2\/pages\/33\/revisions\/4631"}],"wp:attachment":[{"href":"https:\/\/www.komunikaciksobebliz.cz\/index.php?rest_route=%2Fwp%2Fv2%2Fmedia&parent=33"}],"curies":[{"name":"wp","href":"https:\/\/api.w.org\/{rel}","templated":true}]}}